2
-5 + (0 - 1 - -5)
-1
Evaluate -3 + 12 + -3 + -3.
3
-4 + -4 + 7 + 1 - 4
-4
What is the value of 8 + 0 - (78 + -69)?
-1
1 - (-5 + 3 - -4 - -1)
-2
Calculate (-7 + 12 - 2) + -7.
-4
Evaluate 14 - 3 - (1 + 4 + -1).
7
Evaluate 7 - (-2 + 6 + 2) - -1.
2
Calculate -5 + 7 - (-1 + 6).
-3
What is 12 - 5 - 2 - 4?
1
Calculate (-2 + 6 + 2 - 3) + -3.
0
Calculate -9 + 16 + 2 + -2.
7
Evaluate -5 - (5 + -3 - 4) - 1.
-4
Evaluate 0 + -7 - (-12 + 2 - -11).
-8
What is 4 - (10 - (1 - -1)) - -2?
-2
1 + (-15 - -6 - -4) + -1
-5
Calculate 1 + -12 + (9 - 3).
-5
What is the value of -2 - -2 - (1 + -3)?
2
What is (2 - (-1 + -4 + 8)) + 4?
3
What is the value of (-1 - (0 + (2 - 0))) + 3?
0
6 + -7 + (3 - 3)
-1
What is -9 - (-3 + (-8 - -7))?
-5
6 + -2 - (4 + -1)
1
What is ((2 - -1) + -5 - 0) + 2?
0
What is -1 + 3 + (-3 - -2) + 2?
3
2 + -6 + (4 - (1 - -3))
-4
What is the value of 5 - (2 - 0) - (-14 + 13)?
4
What is the value of 0 - ((-1 - 1) + (-6 - -9))?
-1
What is the value of 3 + (-9 - -3) - -10?
7
Evaluate 0 + (-81 + 77 - (-1 + -1)).
-2
What is the value of -6 - (7 + (7 - (12 - -1)))?
-7
1 - 2 - (78 + -74)
-5
5 + (-8 + 2 - (8 + -3))
-6
What is the value of (-2 + -2 + 3 - 0) + -1?
-2
Calculate 2 + (-2 - 1) + -3.
-4
What is 2 + -10 - 0 - (-4 - 0)?
-4
(-13 - -12) + (-2 - 0) - -2
-1
Evaluate -4 + (8 - (-4 - -7)) + -9.
-8
What is the value of 6 + -17 + 3 + -2 - -5?
-5
What is the value of 5 - ((4 - 8 - -21) + -7)?
-5
What is -6 - (4 + -12) - (1 - -1)?
0
Calculate -5 - 0 - (16 + (-23 - -4)).
-2
What is the value of 4 + (4 - 11) + (0 - 0)?
-3
What is the value of 5 + (0 - 1) - (3 + -3)?
4
-4 + 6 - 6 - -4 - 7
-7
4 - (-4 + (-4 - -7))
5
What is (-24 - -29) + -1 + -2?
2
Calculate 13 + -17 + -4 + 10.
2
What is -4 + 6 - (-1 - 0) - 3?
0
0 + 1 - (0 + 2 + 0)
-1
What is -2 - (5 - (-1 - -5))?
-3
Calculate -2 + 2 + 0 + -1 + 3.
2
Calculate 7 + -6 - (-6 + 6) - 1.
0
What is -6 - 0 - (-112 - -111)?
-5
3 + -1 + -3 + 1 + -5
-5
What is (4 - 5 - (1 + -6)) + -7?
-3
What is the value of 4 + 2 + (1 - 2) + -1?
4
Calculate (12 - 10) + -2 - 7.
-7
What is the value of -1 + 6 - (-2 - -11 - 2)?
-2
(2 - 1 - 2) + -2
-3
(-10 - -4 - -3) + 7
4
Evaluate -18 + 3 + (7 - -4) + -7.
-11
What is the value of 7 - (1 - (3 - 7))?
2
Calculate -12 + 10 - ((2 - 3) + 1).
-2
Evaluate -2 - ((-5 - -1) + 10 + -2).
-6
What is 0 + -2 + 4 + -2 + 4?
4
Evaluate -2 - (-15 - -4 - -3).
6
Calculate 0 + (0 + 1 - -4) + -4.
1
2 + -4 - (-3 + 1)
0
What is 2 - (-3 - -7) - 3?
-5
What is the value of (19 - 21) + -2 + -3?
-7
Calculate -1 + 0 + 2 + 2.
3
5 + (8 - 18 - (-11 - -5))
1
(5 + -3 - 0) + 13 + -18
-3
Evaluate -8 + (0 + 2 - (-4 - -2)).
-4
What is the value of (7 - 0) + -3 + 0 + 1?
5
What is -1 + -2 + 5 + (1 - 4)?
-1
What is -1 - ((-5 - 1) + 9)?
-4
What is the value of -5 + 3 + -1 + 1?
-2
Evaluate -5 + (4 - (-2 - -5)).
-4
Calculate 12 + -8 + 6 + -6 + 0.
4
What is the value of -2 + 2 + 0 - (-6 + 9)?
-3
What is the value of 4 - (-3 + 2 + 3) - -3?
5
Calculate -1 + -3 - (2 - 5).
-1
Calculate -8 + (3 - 1 - -1).
-5
What is -5 - (-10 + 4 - -2)?
-1
What is -4 + (-12 - -11) - (0 - -2)?
-7
What is the value of 8 + -21 + 11 + 8 + 5?
11
Calculate 6 + -10 - (0 + 1 - 1).
-4
Calculate -17 + 12 + -7 - -10.
-2
What is the value of -7 - (5 + (1 - 17))?
4
-5 - (-2 - (3 - 7))
-7
Calculate (8 - 14) + 10 - (-3 + 0).
7
Evaluate (-2 - (5 + -3)) + (-1 - -9).
4
Evaluate 2 + 1 - (-14 - -7 - -10).
0
What is the value of 0 - 2 - (-6 - -5)?
-1
-7 - -3 - (6 - 5)
-5
Evaluate 6 + 1 + 11 + -8 + 0.
10
Evaluate -14 + 13 + 11 - 17.
-7
Evaluate -4 + 3 - (12 + 0) - -6.
-7
-6 - (1 - (5 - 4) - 16)
10
What is -5 + (-3 + -4 - -8)?
-4
Calculate (1 - (0 - -2)) + 4 + -4.
-1
Evaluate 5 + (5 - (2 + 6)).
2
Evaluate -3 - (-6 + -2) - 2.
3
Calculate 0 + 13 + -5 + -2 - 0.
6
What is 0 + 0 + (1 - 10) + 9?
0
Evaluate 2 + -2 - 0 - 1.
-1
Evaluate 5 + -2 + (1 - 7).
-3
Evaluate (-4 - (2 + 0)) + -1.
-7
Evaluate -1 + -2 + 0 - -5.
2
Evaluate -7 + 2 - -6 - 9 - -1.
-7
Calculate -93 + 84 - (-6 - 2).
-1
What is the value of -12 - -2 - (0 + -4)?
-6
(9 - (8 + -5)) + 0
6
What is -11 + -2 + 11 + (-6 - 0)?
-8
Evaluate 1 - (1 - (1 + -1)).
0
What is -7 + (5 + -11 - -7) - -11?
5
Evaluate -8 - -4 - (3 + -9).
2
Calculate (-1 - 0) + -2 + 7.
4
What is 4 - (4 - (4 + -4))?
0
Evaluate 2 - (4 - (-5 - -4)) - 2.
-5
Evaluate -14 + 4 + 2 + 6.
-2
Calculate -9 - (-1 - 2) - (1 - 3).
-4
Calculate -3 + -7 - -12 - (0 - 1).
3
Evaluate (-2 - -1 - -5) + -1.
3
What is the value of -1 + -3 + -4 - -7?
-1
Calculate (2 - (-5 - -2)) + (-28 - -27).
4
8 + (7 - 7) + -5
3
Evaluate -26 + 14 + (0 - 0) + 5.
-7
What is (5 - -2) + -2 + -2 + 0?
3
Evaluate 12 + -11 + 7 + -4.
4
What is -1 + (2 - -5) + -9?
-3
What is the value of 1 - (-3 + -3) - 12?
-5
What is -4 - 1 - (-51 - -50)?
-4
What is the value of -2 - (-2 - 3) - -2?
5
Calculate 7 - (3 - (5 - 4)).
5
What is the value of 2 + (7 + -4 - 3)?
2
What is 8 - (7 + -7 + 6)?
2
Calculate 4 + -12 + 18 + -2 + 0.
8
What is 1 + (-5 - (-7 - -1))?
2
2 + (-2 - -1) + -6
-5
Calculate -9 - -1 - (-10 + 5 + 2).
-5
Calculate 6 - (3 + 7 + 2).
-6
Evaluate -4 + 1 - (20 - 23).
0
Evaluate -2 + -5 + 1 + (6 - 5).
-5
Calculate -1 + 6 + (-11 - -8) + -1.
1
Calculate 0 + -1 - ((-2 - -3) + -5).
3
-14 + -12 + 11 + 9
-6
What is the value of (7 - 13) + 1 + 6?
1
Evaluate (-3 - 6 - -7) + -3 + 2.
-3
What is (1 - -1) + 13 + -16?
-1
Calculate -1 - 2 - (-6 - (3 - 4)).
2
What is the value of -2 + -2 + -5 + (6 - 3)?
-6
What is (13 + -33 - -13) + -1?
-8
What is the value of 18 - 13 - (1 + 3)?
1
12 - ((6 - -17) + -6)
-5
-5 + (7 - (3 - 5 - 0))
4
What is 4 + -3 - (-3 + 0)?
4
(-139 - -140) + (-1 + -5 - -1)
-4
What is -3 + 0 + 2 - 4 - -7?
2
Calculate -2 - ((-16 - -5) + 6).
3
Evaluate -36 - -38 - ((0 - 2) + 0).
4
Calculate -1 + -1 + 4 + -11 + 10.
1
(8 - 13) + (0 - -8)
3
2 - 0 - (0 + 2)
0
(-1 - -6) + 36 + -39
2
3 - (4 + 1) - (-3 - -1)
0
What is the value of -4 + (8 + -14 + 6 - -8)?
4
Calculate -1 + (6 - 3) + (-1 - 4).
-3
Calculate 6 + 1 + -6 - 6.
-5
4 - (-2 + (5 - -1 - -3))
-3
Evaluate (4 - 1) + -1 + -3 + 1.
0
Calculate -8 - (9 - (20 + -4)).
-1
What is the value of (-2 - 0) + 2 + (-1 - -4)?
3
What is the value of -11 - -17 - 2 - (0 - 3)?
7
Calculate 6 - 1 - 0 - 6.
-1
-4 - (-5 + -1) - 5
-3
What is -2 + (-2 - -3) - 2?
-3
Calculate (6 - 8) + 3 - -4.
5
-8 + 4 + 3 - (-9 - -15)
-7
(12 - 6) + -4 + -6
-4
Calculate 35 - 36 - (-8 + 2).
5
Calculate -3 - (0 - 2 - 6).
5
What is the value of 3 + 2 + -6 - (0 - 2)?
1
Calculate 2 + -14 + 6 - 3 - -3.
-6
7 + -1 + (7 - 7) + -8
-2
What is (-3 + 4 - (2 + -3)) + -2?
0
Evaluate -11 - -3 - -11 - (1 + 0).
2
Calculate (-5 - -8 - (-4 + 1)) + -3.
3
Evaluate -1 + 0 - (5 - 9).
3
What is 6 - (6 - (4 + 0))?
4
1 + 1 + 0 + 2 - 4
0
Calculate -4 + -1 + (5 - (-3 - -4)).
-1
Calculate (-2 + 14 - 15) + 0 + -5.
-8
What is the value of 21 + -24 + 1 + -1?
-3
Calculate 3 + 4 + -8 + 3.
2
What is -6 - (-18 + 9 + 6)?
-3
What is the value of -5 - -5 - 0 - 5?
-5
What is the value of -1 + -9 + (2 - (-13 + 8))?
-3
Evaluate -3 - ((-6 - -11) + (-1 - 1)).
-6
What is 5 - 8 - -4 - (-5 - 0)?
6
What is the value of (3 + 0 - 7) + (1 - 0)?
-3
Calculate 3 + 3 + (-7 - 1 - -3).
1
Evaluate 3 - (5 + (-5 - -2)).
1
Evaluate -1 + (0 - 13) + (58 - 51).
-7
Evaluate -2 - ((-5 - -2) + 5).
-4
Calculate -8 + -3 + 9 + -2.
-4
(-11 + -1 - -7) + 0 + 5
0
Evaluate 40 + -38 + (0 + 0 - -2).
4
0 + -5 + (53 - 49)
-1
Calculate 3 + (-5 - -3) + -5 + 6.
2
What is the value of -14 + 6 + -2 + (-1 - -6)?
-5
Evaluate -6 + (7 - 5) - (-4 - 2).
2
What is 4 + -2 - (5 - (7 - 13))?
-9
Calculate -2 - (7 + -4 + -1 + 6).
-10
-2 + 4 + 3 + -3
2
What is the value of 6 - (1 - (5 + -7))?
3
What is the value of (4 - 8 - -8) + 3?
7
Evaluate -1 + -4 - (21 + -22).
-4
What is the value of 0 + -3 + (2 - -4)?
3
Calculate -4 + 5 + 6 + 1 + -4.
4
Evaluate 0 + (-2 - (0 + 1 + 0)).
-3
What is the value of -11 - (0 + -3 - 9)?
1
Calculate (9 - (-5 + 0 + 10)) + -6.
-2
Calculate (-9 - -9 - -8) + -12.
-4
-5 - (9 + -11 + 5 + -6)
-2
Calculate -6 - (-4 - (6 + 0)).
4
What is the value of -6 - ((-7 + 12 - 3) + -2)?
-6
Evaluate (3 - (1 - -4)) + 0.
-2
What is the value of -11 + -10 + 9 + 6?
-6
What is the value of (-17 - -18) + (0 - -2) + -8?
-5
Evaluate (-1 - (3 - (2 - 0))) + 0.
-2
Calculate -4 - -15 - (-6 - (5 + -15)).
7
What is -9 + -10 + 14 + -2?
-7
Calculate 1 + 5 + -10 + -2.
-6
Calculate 0 + -4 + (5 - -2).
3
Evaluate (5 - 